{"id":75,"date":"2023-04-20T19:26:15","date_gmt":"2023-04-20T22:26:15","guid":{"rendered":"https:\/\/czmedicinafuncional.com\/?page_id=75"},"modified":"2025-01-04T11:52:18","modified_gmt":"2025-01-04T14:52:18","slug":"quien-soy","status":"publish","type":"page","link":"https:\/\/czmedicinafuncional.com\/index.php\/quien-soy\/","title":{"rendered":"\u00bfQui\u00e9n soy?"},"content":{"rendered":"<p>[et_pb_section fb_built=&#8221;1&#8243; _builder_version=&#8221;4.18.0&#8243; _module_preset=&#8221;default&#8221; background_color=&#8221;#f4ede9&#8243; global_colors_info=&#8221;{}&#8221;][et_pb_row column_structure=&#8221;1_2,1_2&#8243; _builder_version=&#8221;4.18.0&#8243; _module_preset=&#8221;default&#8221; global_colors_info=&#8221;{}&#8221;][et_pb_column type=&#8221;1_2&#8243; _builder_version=&#8221;4.18.0&#8243; _module_preset=&#8221;default&#8221; global_colors_info=&#8221;{}&#8221;][et_pb_image src=&#8221;http:\/\/czmedicinafuncional.com\/wp-content\/uploads\/2023\/05\/Cecilaia-Zgajnar-3.png&#8221; title_text=&#8221;Cecilaia Zgajnar 3&#8243; _builder_version=&#8221;4.18.0&#8243; _module_preset=&#8221;default&#8221; global_colors_info=&#8221;{}&#8221;][\/et_pb_image][\/et_pb_column][et_pb_column type=&#8221;1_2&#8243; _builder_version=&#8221;4.18.0&#8243; _module_preset=&#8221;default&#8221; global_colors_info=&#8221;{}&#8221;][et_pb_text _builder_version=&#8221;4.18.0&#8243; _module_preset=&#8221;default&#8221; custom_margin=&#8221;99px||||false|false&#8221; custom_margin_tablet=&#8221;99px||||false|false&#8221; custom_margin_phone=&#8221;11px||||false|false&#8221; custom_margin_last_edited=&#8221;on|phone&#8221; global_colors_info=&#8221;{}&#8221;]<\/p>\n<h1 style=\"font-size: 35px; color: #a6a07a;\">Mi nombre es <strong>Cecilia Zgajnar<\/strong>, <span style=\"font-weight: 400;\">m\u00e9dica con 18 a\u00f1os de experiencia<\/span> y <span style=\"font-weight: 400;\">\u00a0un enfoque \u00fanico que combina medicina cient\u00edfica y hol\u00edstica.<\/span><\/h1>\n<p><strong><em>Soy de Argentina y, como muchos m\u00e9dicos, comenc\u00e9 mi carrera viendo la medicina de una forma reduccionista. Me form\u00e9 en traumatolog\u00eda y medicina laboral, y durante a\u00f1os, mi vida flu\u00eda entre mi familia y estas especialidades, siguiendo un enfoque tradicional. <\/em><\/strong><\/p>\n<p><span style=\"font-weight: 400;\">Sin embargo, todo cambi\u00f3 cuando enfrent\u00e9 un diagn\u00f3stico inesperado de melanoma. Ese momento se convirti\u00f3 en un punto de inflexi\u00f3n que me llev\u00f3 a mirar hacia adentro, a cuestionar mis elecciones y a reconectar con algo profundo en m\u00ed: el deseo de practicar una medicina que fuera verdaderamente integradora.<\/span><\/p>\n<p>[\/et_pb_text][\/et_pb_column][\/et_pb_row][\/et_pb_section][et_pb_section fb_built=&#8221;1&#8243; _builder_version=&#8221;4.18.0&#8243; _module_preset=&#8221;default&#8221; background_image=&#8221;http:\/\/czmedicinafuncional.com\/wp-content\/uploads\/2023\/04\/bg-bio.png&#8221; custom_padding=&#8221;||143px||false|false&#8221; global_colors_info=&#8221;{}&#8221;][et_pb_row _builder_version=&#8221;4.18.0&#8243; _module_preset=&#8221;default&#8221; global_colors_info=&#8221;{}&#8221;][et_pb_column type=&#8221;4_4&#8243; _builder_version=&#8221;4.18.0&#8243; _module_preset=&#8221;default&#8221; global_colors_info=&#8221;{}&#8221;][et_pb_text _builder_version=&#8221;4.18.0&#8243; _module_preset=&#8221;default&#8221; custom_padding=&#8221;||12px|||&#8221; global_colors_info=&#8221;{}&#8221;]<\/p>\n<p style=\"text-align: center;\"><span style=\"font-weight: 400;\">Desde entonces, inici\u00e9 un camino de autoconocimiento y transformaci\u00f3n que me ha llevado a explorar y formarme en \u00e1reas que complementan mi vocaci\u00f3n m\u00e9dica y mi misi\u00f3n de sanar desde una perspectiva completa. Me especialic\u00e9 en biodescodificaci\u00f3n, coaching en salud, life coaching, medicina orthomolecular y medicina del estilo de vida, y tambi\u00e9n comenc\u00e9 a adentrarme en la metaf\u00edsica.<\/span><\/p>\n<p style=\"text-align: center;\"><span style=\"font-weight: 400;\">Hoy, mi pr\u00e1ctica m\u00e9dica va mucho m\u00e1s all\u00e1 de un enfoque tradicional. Mi misi\u00f3n es ayudar a las personas a entender y transformar las ra\u00edces emocionales y f\u00edsicas de su salud, gui\u00e1ndolas hacia una vida m\u00e1s plena y consciente.\u00a0<\/span><\/p>\n<p style=\"text-align: center;\"><span style=\"font-weight: 400;\">Si est\u00e1s buscando una transformaci\u00f3n genuina, donde cuerpo, mente y esp\u00edritu trabajen en armon\u00eda, este es el lugar.<\/span><\/p>\n<p>[\/et_pb_text][\/et_pb_column][\/et_pb_row][\/et_pb_section][et_pb_section fb_built=&#8221;1&#8243; _builder_version=&#8221;4.18.0&#8243; _module_preset=&#8221;default&#8221; background_color=&#8221;#cbb39e&#8221; background_image=&#8221;http:\/\/czmedicinafuncional.com\/wp-content\/uploads\/2023\/04\/bg-bio.png&#8221; custom_margin=&#8221;0px||||false|false&#8221; custom_padding=&#8221;50px||||false|false&#8221; global_colors_info=&#8221;{}&#8221;][et_pb_row _builder_version=&#8221;4.18.0&#8243; _module_preset=&#8221;default&#8221; background_color=&#8221;#FFFFFF&#8221; background_enable_image=&#8221;off&#8221; custom_margin=&#8221;-134px||||false|false&#8221; custom_padding=&#8221;81px|67px|81px|67px|true|true&#8221; global_colors_info=&#8221;{}&#8221;][et_pb_column type=&#8221;4_4&#8243; _builder_version=&#8221;4.18.0&#8243; _module_preset=&#8221;default&#8221; global_colors_info=&#8221;{}&#8221;][et_pb_text _builder_version=&#8221;4.18.0&#8243; _module_preset=&#8221;default&#8221; custom_margin=&#8221;-133px||||false|false&#8221; global_colors_info=&#8221;{}&#8221;]<\/p>\n<p style=\"text-align: center;\"><img decoding=\"async\" src=\"http:\/\/czmedicinafuncional.com\/wp-content\/uploads\/2023\/04\/icon_2_v2.png\" width=\"107\" height=\"107\" alt=\"\" class=\"wp-image-155 alignnone size-full\" \/><\/p>\n<p>[\/et_pb_text][et_pb_text _builder_version=&#8221;4.18.0&#8243; _module_preset=&#8221;default&#8221; global_colors_info=&#8221;{}&#8221;]<\/p>\n<h1 style=\"font-size: 35px; color: #a6a07a; text-align: center;\"><span style=\"font-weight: 400;\">Me encantar\u00eda acompa\u00f1arte en tu proceso de bienestar y autodescubrimiento<\/span><\/h1>\n<p>[\/et_pb_text][et_pb_text _builder_version=&#8221;4.18.0&#8243; _dynamic_attributes=&#8221;link_option_url&#8221; _module_preset=&#8221;default&#8221; link_option_url=&#8221;@ET-DC@eyJkeW5hbWljIjp0cnVlLCJjb250ZW50IjoicG9zdF9saW5rX3VybF9wYWdlIiwic2V0dGluZ3MiOnsicG9zdF9pZCI6IjY5MyJ9fQ==@&#8221; hover_enabled=&#8221;0&#8243; global_colors_info=&#8221;{}&#8221; sticky_enabled=&#8221;0&#8243;]<\/p>\n<p style=\"text-align: center;\">Conoce nuestro Programa de <strong>CLUB BIENESTAR<\/strong><\/p>\n<p>[\/et_pb_text][\/et_pb_column][\/et_pb_row][\/et_pb_section]<\/p>\n","protected":false},"excerpt":{"rendered":"<p>Mi nombre es Cecilia Zgajnar, m\u00e9dica con 18 a\u00f1os de experiencia y \u00a0un enfoque \u00fanico que combina medicina cient\u00edfica y hol\u00edstica. Soy de Argentina y, como muchos m\u00e9dicos, comenc\u00e9 mi carrera viendo la medicina de una forma reduccionista. Me form\u00e9 en traumatolog\u00eda y medicina laboral, y durante a\u00f1os, mi vida flu\u00eda entre mi familia y [&hellip;]<\/p>\n","protected":false},"author":1,"featured_media":0,"parent":0,"menu_order":0,"comment_status":"closed","ping_status":"closed","template":"","meta":{"_et_pb_use_builder":"on","_et_pb_old_content":"","_et_gb_content_width":"","om_disable_all_campaigns":false,"_monsterinsights_skip_tracking":false,"_monsterinsights_sitenote_active":false,"_monsterinsights_sitenote_note":"","_monsterinsights_sitenote_category":0,"_uf_show_specific_survey":0,"_uf_disable_surveys":false,"footnotes":""},"class_list":["post-75","page","type-page","status-publish","hentry"],"aioseo_notices":[],"_links":{"self":[{"href":"https:\/\/czmedicinafuncional.com\/index.php\/wp-json\/wp\/v2\/pages\/75","targetHints":{"allow":["GET"]}}],"collection":[{"href":"https:\/\/czmedicinafuncional.com\/index.php\/wp-json\/wp\/v2\/pages"}],"about":[{"href":"https:\/\/czmedicinafuncional.com\/index.php\/wp-json\/wp\/v2\/types\/page"}],"author":[{"embeddable":true,"href":"https:\/\/czmedicinafuncional.com\/index.php\/wp-json\/wp\/v2\/users\/1"}],"replies":[{"embeddable":true,"href":"https:\/\/czmedicinafuncional.com\/index.php\/wp-json\/wp\/v2\/comments?post=75"}],"version-history":[{"count":17,"href":"https:\/\/czmedicinafuncional.com\/index.php\/wp-json\/wp\/v2\/pages\/75\/revisions"}],"predecessor-version":[{"id":724,"href":"https:\/\/czmedicinafuncional.com\/index.php\/wp-json\/wp\/v2\/pages\/75\/revisions\/724"}],"wp:attachment":[{"href":"https:\/\/czmedicinafuncional.com\/index.php\/wp-json\/wp\/v2\/media?parent=75"}],"curies":[{"name":"wp","href":"https:\/\/api.w.org\/{rel}","templated":true}]}}