{"id":693,"date":"2025-01-03T15:28:43","date_gmt":"2025-01-03T18:28:43","guid":{"rendered":"https:\/\/czmedicinafuncional.com\/?page_id=693"},"modified":"2025-01-04T11:45:57","modified_gmt":"2025-01-04T14:45:57","slug":"clubbienestar","status":"publish","type":"page","link":"https:\/\/czmedicinafuncional.com\/index.php\/clubbienestar\/","title":{"rendered":"Club de Bienestar"},"content":{"rendered":"<p>[et_pb_section fb_built=&#8221;1&#8243; _builder_version=&#8221;4.18.0&#8243; _module_preset=&#8221;default&#8221; background_color=&#8221;#f4ede9&#8243; custom_padding=&#8221;||171px||false|false&#8221; global_colors_info=&#8221;{}&#8221;][et_pb_row column_structure=&#8221;1_2,1_2&#8243; _builder_version=&#8221;4.18.0&#8243; _module_preset=&#8221;default&#8221; global_colors_info=&#8221;{}&#8221;][et_pb_column type=&#8221;1_2&#8243; _builder_version=&#8221;4.18.0&#8243; _module_preset=&#8221;default&#8221; global_colors_info=&#8221;{}&#8221;][et_pb_image src=&#8221;http:\/\/czmedicinafuncional.com\/wp-content\/uploads\/2025\/01\/1.png&#8221; title_text=&#8221;1&#8243; _builder_version=&#8221;4.18.0&#8243; _module_preset=&#8221;default&#8221; global_colors_info=&#8221;{}&#8221;][\/et_pb_image][\/et_pb_column][et_pb_column type=&#8221;1_2&#8243; _builder_version=&#8221;4.18.0&#8243; _module_preset=&#8221;default&#8221; global_colors_info=&#8221;{}&#8221;][et_pb_text _builder_version=&#8221;4.18.0&#8243; _module_preset=&#8221;default&#8221; custom_margin=&#8221;127px||||false|false&#8221; custom_margin_tablet=&#8221;127px||||false|false&#8221; custom_margin_phone=&#8221;15px||||false|false&#8221; custom_margin_last_edited=&#8221;on|phone&#8221; global_colors_info=&#8221;{}&#8221;]<\/p>\n<h1 style=\"font-size: 35px; color: #a6a07a;\">CLUB BIENESTAR<\/h1>\n<p><span style=\"font-weight: 400;\">Un programa de acompa\u00f1amiento integral para transformar tu estilo de vida.\u00a0<\/span><\/p>\n<p><strong>El Club de Bienestar es una comunidad que te brinda apoyo constante para adoptar y mantener h\u00e1bitos saludables.\u00a0<\/strong><\/p>\n<p><span style=\"font-weight: 400;\">Con tres niveles de membres\u00eda (b\u00e1sica, premium y VIP), el Club te ofrece acceso a contenido exclusivo, gu\u00edas pr\u00e1cticas, desaf\u00edos de salud y asesoramiento continuo para que logres tus metas de bienestar.\u00a0<\/span><\/p>\n<p><span style=\"font-weight: 400;\">Desde mejorar tu alimentaci\u00f3n hasta gestionar el estr\u00e9s, el Club es el espacio ideal para comprometerte con una vida llena de energ\u00eda y equilibrio, rodeado de personas con el mismo objetivo.<\/span><\/p>\n<p>[\/et_pb_text][et_pb_button button_url=&#8221;https:\/\/wa.me\/541124672344&#8243; button_text=&#8221;Chatea conmigo!&#8221; _builder_version=&#8221;4.18.0&#8243; _module_preset=&#8221;default&#8221; custom_button=&#8221;on&#8221; button_bg_color=&#8221;#FFFFFF&#8221; global_colors_info=&#8221;{}&#8221;][\/et_pb_button][\/et_pb_column][\/et_pb_row][\/et_pb_section][et_pb_section fb_built=&#8221;1&#8243; _builder_version=&#8221;4.18.0&#8243; _module_preset=&#8221;default&#8221; background_image=&#8221;http:\/\/czmedicinafuncional.com\/wp-content\/uploads\/2023\/04\/bg-secc1.jpg&#8221; global_colors_info=&#8221;{}&#8221;][et_pb_row custom_padding_last_edited=&#8221;on|phone&#8221; _builder_version=&#8221;4.18.0&#8243; _module_preset=&#8221;default&#8221; background_color=&#8221;#FFFFFF&#8221; width=&#8221;52%&#8221; width_tablet=&#8221;52%&#8221; width_phone=&#8221;85%&#8221; width_last_edited=&#8221;on|phone&#8221; custom_margin=&#8221;-183px||||false|false&#8221; custom_padding=&#8221;50px|94px|50px|94px|true|true&#8221; custom_padding_tablet=&#8221;50px|94px|50px|94px|true|true&#8221; custom_padding_phone=&#8221;50px|20px|50px|20px|true|true&#8221; locked=&#8221;off&#8221; global_colors_info=&#8221;{}&#8221;][et_pb_column type=&#8221;4_4&#8243; _builder_version=&#8221;4.18.0&#8243; _module_preset=&#8221;default&#8221; global_colors_info=&#8221;{}&#8221;][et_pb_text _builder_version=&#8221;4.18.0&#8243; _module_preset=&#8221;default&#8221; global_colors_info=&#8221;{}&#8221;]<\/p>\n<h2 style=\"text-align: center; font-size: 30px;\"><img decoding=\"async\" class=\"wp-image-96 alignnone size-full\" src=\"http:\/\/czmedicinafuncional.com\/wp-content\/uploads\/2023\/04\/icon_7.png\" alt=\"\" width=\"82\" height=\"82\" \/><\/h2>\n<p>[\/et_pb_text][et_pb_text _builder_version=&#8221;4.18.0&#8243; _module_preset=&#8221;default&#8221; global_colors_info=&#8221;{}&#8221;]<\/p>\n<h2 style=\"text-align: center; font-size: 30px;\"><span style=\"font-weight: 400;\">PLANES<\/span><\/h2>\n<p>[\/et_pb_text][et_pb_image src=&#8221;http:\/\/czmedicinafuncional.com\/wp-content\/uploads\/2025\/01\/12-1.png&#8221; title_text=&#8221;12&#8243; _builder_version=&#8221;4.18.0&#8243; _module_preset=&#8221;default&#8221; hover_enabled=&#8221;0&#8243; global_colors_info=&#8221;{}&#8221; sticky_enabled=&#8221;0&#8243;][\/et_pb_image][et_pb_button button_url=&#8221;https:\/\/wa.me\/541124672344&#8243; button_text=&#8221;\u00a1Escribime y comencemos!&#8221; button_alignment=&#8221;center&#8221; _builder_version=&#8221;4.18.0&#8243; _module_preset=&#8221;default&#8221; custom_button=&#8221;on&#8221; button_text_color=&#8221;#FFFFFF&#8221; button_bg_color=&#8221;#cbb39e&#8221; global_colors_info=&#8221;{}&#8221;][\/et_pb_button][\/et_pb_column][\/et_pb_row][\/et_pb_section]<\/p>\n","protected":false},"excerpt":{"rendered":"<p>CLUB BIENESTAR Un programa de acompa\u00f1amiento integral para transformar tu estilo de vida.\u00a0 El Club de Bienestar es una comunidad que te brinda apoyo constante para adoptar y mantener h\u00e1bitos saludables.\u00a0 Con tres niveles de membres\u00eda (b\u00e1sica, premium y VIP), el Club te ofrece acceso a contenido exclusivo, gu\u00edas pr\u00e1cticas, desaf\u00edos de salud y asesoramiento [&hellip;]<\/p>\n","protected":false},"author":1,"featured_media":0,"parent":0,"menu_order":0,"comment_status":"closed","ping_status":"closed","template":"","meta":{"_et_pb_use_builder":"on","_et_pb_old_content":"<p>[et_pb_section fb_built=\"1\" _builder_version=\"4.18.0\" _module_preset=\"default\" background_color=\"#f4ede9\" custom_padding=\"||171px||false|false\" global_colors_info=\"{}\"][et_pb_row column_structure=\"1_2,1_2\" _builder_version=\"4.18.0\" _module_preset=\"default\" global_colors_info=\"{}\"][et_pb_column type=\"1_2\" _builder_version=\"4.18.0\" _module_preset=\"default\" global_colors_info=\"{}\"][et_pb_image src=\"http:\/\/czmedicinafuncional.com\/wp-content\/uploads\/2023\/04\/foto-abundancia-1.png\" title_text=\"foto-abundancia\" _builder_version=\"4.18.0\" _module_preset=\"default\" global_colors_info=\"{}\"][\/et_pb_image][\/et_pb_column][et_pb_column type=\"1_2\" _builder_version=\"4.18.0\" _module_preset=\"default\" global_colors_info=\"{}\"][et_pb_text _builder_version=\"4.18.0\" _module_preset=\"default\" custom_margin=\"127px||||false|false\" custom_margin_tablet=\"127px||||false|false\" custom_margin_phone=\"15px||||false|false\" custom_margin_last_edited=\"on|phone\" global_colors_info=\"{}\"]<\/p><h1 style=\"font-size: 35px; color: #a6a07a;\">Taller de Abundancia<\/h1><p>El <strong>Taller de Abundancia<\/strong> es un taller s\u00faper econ\u00f3mico (a pedido de ustedes), para lograr la abundancia que est\u00e1s precisando en cada \u00e1rea de tu vida. Incluye 11 audios, ejercicios y Workbook.<\/p><p>Este taller es para ti si te sientes estancado econ\u00f3micamente, que todo te cuesta mucho, especialmente generar dinero.<\/p><p>No puedes perderte esta oportunidad de mejorar tu vida.<\/p><p>[\/et_pb_text][et_pb_button button_url=\"https:\/\/wa.me\/541131963322\" button_text=\"Chatea conmigo!\" _builder_version=\"4.18.0\" _module_preset=\"default\" custom_button=\"on\" button_bg_color=\"#FFFFFF\" hover_enabled=\"0\" global_colors_info=\"{}\" sticky_enabled=\"0\"][\/et_pb_button][\/et_pb_column][\/et_pb_row][\/et_pb_section][et_pb_section fb_built=\"1\" _builder_version=\"4.18.0\" _module_preset=\"default\" background_image=\"http:\/\/czmedicinafuncional.com\/wp-content\/uploads\/2023\/04\/bg-secc1.jpg\" global_colors_info=\"{}\"][et_pb_row custom_padding_last_edited=\"on|phone\" _builder_version=\"4.18.0\" _module_preset=\"default\" background_color=\"#FFFFFF\" width=\"52%\" width_tablet=\"52%\" width_phone=\"85%\" width_last_edited=\"on|phone\" custom_margin=\"-183px||||false|false\" custom_padding=\"50px|94px|50px|94px|true|true\" custom_padding_tablet=\"50px|94px|50px|94px|true|true\" custom_padding_phone=\"50px|20px|50px|20px|true|true\" locked=\"off\" global_colors_info=\"{}\"][et_pb_column type=\"4_4\" _builder_version=\"4.18.0\" _module_preset=\"default\" global_colors_info=\"{}\"][et_pb_text _builder_version=\"4.18.0\" _module_preset=\"default\" global_colors_info=\"{}\"]<\/p><h2 style=\"text-align: center; font-size: 30px;\"><img class=\"wp-image-96 alignnone size-full\" src=\"http:\/\/czmedicinafuncional.com\/wp-content\/uploads\/2023\/04\/icon_7.png\" alt=\"\" width=\"82\" height=\"82\" \/><\/h2><p>[\/et_pb_text][et_pb_text _builder_version=\"4.18.0\" _module_preset=\"default\" global_colors_info=\"{}\"]<\/p><h2 style=\"text-align: center; font-size: 30px;\">De estos temas hablamos en el Taller <br \/>sobre Prosperidad y Abundancia:<\/h2><p>[\/et_pb_text][et_pb_text _builder_version=\"4.18.0\" _module_preset=\"default\" global_colors_info=\"{}\"]<\/p><h5 style=\"font-size: 20px; line-height: 26px; text-align: left;\">1. Tu situaci\u00f3n econ\u00f3mica <br \/>2. Tu relaci\u00f3n con el dinero <br \/>3. Los 4 niveles de tu historia del dinero <br \/>4. El poder del dinero <br \/>5. La paradoja del dinero <br \/>6. Los or\u00edgenes de tu historia <br \/>7. De donde viene el dinero <br \/>8. Mirada abundante <br \/>9. El acto de abundancia <br \/>10. La ley del ingreso <br \/>11. Programar tu gps<\/h5><p>[\/et_pb_text][et_pb_text _builder_version=\"4.18.0\" _module_preset=\"default\" text_font_size=\"20px\" background_color=\"rgba(224,153,0,0.07)\" custom_padding=\"24px|30px|24px|30px|false|false\" global_colors_info=\"{}\"]<\/p><p><strong>12. Bonus: Workbook<\/strong><\/p><p>La propuesta de este taller es analizar qu\u00e9 est\u00e1 sucediendo en nuestra vida. <strong>Por qu\u00e9 no logramos vivir pr\u00f3speramente<\/strong>, o bien por qu\u00e9 sufrimos determinadas carencias.<br \/>\ufe0fTe voy a ense\u00f1ar ejercicios metaf\u00edsicos concretos para que empieces a cambiar tus creencias y lograr as\u00ed conectarte con la prosperidad y abundancia que nos es natural en todas y cada una de nuestras realidades.<\/p><p>[\/et_pb_text][et_pb_button button_url=\"https:\/\/czmedicinafuncional.com\/index.php\/product\/taller-de-abundancia\" button_text=\"\u00a1Inscr\u00edbete aqu\u00ed!\" button_alignment=\"center\" _builder_version=\"4.18.0\" _module_preset=\"default\" custom_button=\"on\" button_text_color=\"#FFFFFF\" button_bg_color=\"#cbb39e\" global_colors_info=\"{}\"][\/et_pb_button][\/et_pb_column][\/et_pb_row][\/et_pb_section]<\/p>","_et_gb_content_width":"","om_disable_all_campaigns":false,"_monsterinsights_skip_tracking":false,"_monsterinsights_sitenote_active":false,"_monsterinsights_sitenote_note":"","_monsterinsights_sitenote_category":0,"_uf_show_specific_survey":0,"_uf_disable_surveys":false,"footnotes":""},"class_list":["post-693","page","type-page","status-publish","hentry"],"aioseo_notices":[],"_links":{"self":[{"href":"https:\/\/czmedicinafuncional.com\/index.php\/wp-json\/wp\/v2\/pages\/693","targetHints":{"allow":["GET"]}}],"collection":[{"href":"https:\/\/czmedicinafuncional.com\/index.php\/wp-json\/wp\/v2\/pages"}],"about":[{"href":"https:\/\/czmedicinafuncional.com\/index.php\/wp-json\/wp\/v2\/types\/page"}],"author":[{"embeddable":true,"href":"https:\/\/czmedicinafuncional.com\/index.php\/wp-json\/wp\/v2\/users\/1"}],"replies":[{"embeddable":true,"href":"https:\/\/czmedicinafuncional.com\/index.php\/wp-json\/wp\/v2\/comments?post=693"}],"version-history":[{"count":8,"href":"https:\/\/czmedicinafuncional.com\/index.php\/wp-json\/wp\/v2\/pages\/693\/revisions"}],"predecessor-version":[{"id":715,"href":"https:\/\/czmedicinafuncional.com\/index.php\/wp-json\/wp\/v2\/pages\/693\/revisions\/715"}],"wp:attachment":[{"href":"https:\/\/czmedicinafuncional.com\/index.php\/wp-json\/wp\/v2\/media?parent=693"}],"curies":[{"name":"wp","href":"https:\/\/api.w.org\/{rel}","templated":true}]}}