{"id":33,"date":"2023-04-20T01:12:12","date_gmt":"2023-04-20T04:12:12","guid":{"rendered":"https:\/\/czmedicinafuncional.com\/?page_id=33"},"modified":"2025-01-03T14:53:02","modified_gmt":"2025-01-03T17:53:02","slug":"home-2-2","status":"publish","type":"page","link":"https:\/\/czmedicinafuncional.com\/","title":{"rendered":"Home"},"content":{"rendered":"<p>[et_pb_section fb_built=&#8221;1&#8243; _builder_version=&#8221;4.18.0&#8243; _module_preset=&#8221;default&#8221; background_image=&#8221;http:\/\/czmedicinafuncional.com\/wp-content\/uploads\/2023\/04\/bg-secc1.jpg&#8221; global_colors_info=&#8221;{}&#8221;][et_pb_row column_structure=&#8221;2_5,3_5&#8243; _builder_version=&#8221;4.18.0&#8243; _module_preset=&#8221;default&#8221; z_index=&#8221;34&#8243; custom_margin_tablet=&#8221;&#8221; custom_margin_phone=&#8221;-36px||||false|false&#8221; custom_margin_last_edited=&#8221;on|phone&#8221; global_colors_info=&#8221;{}&#8221;][et_pb_column type=&#8221;2_5&#8243; _builder_version=&#8221;4.18.0&#8243; _module_preset=&#8221;default&#8221; global_colors_info=&#8221;{}&#8221;][et_pb_image src=&#8221;http:\/\/czmedicinafuncional.com\/wp-content\/uploads\/2023\/05\/Cecilaia-Zgajnar-1.jpg&#8221; alt=&#8221;Cecilaia Zgajnar &#8221; title_text=&#8221;Cecilaia Zgajnar 1&#8243; _builder_version=&#8221;4.18.0&#8243; _module_preset=&#8221;default&#8221; global_colors_info=&#8221;{}&#8221;][\/et_pb_image][\/et_pb_column][et_pb_column type=&#8221;3_5&#8243; disabled_on=&#8221;off|off|off&#8221; _builder_version=&#8221;4.18.0&#8243; _module_preset=&#8221;default&#8221; background_color=&#8221;RGBA(255,255,255,0)&#8221; transform_translate_linked=&#8221;off&#8221; custom_padding=&#8221;0px|0px|0px|0px|true|false&#8221; global_colors_info=&#8221;{}&#8221;][et_pb_cta title=&#8221;Transforma Tu Salud: Medicina Funcional, Orthomolecular y Hol\u00edstica&#8221; button_url=&#8221;@ET-DC@eyJkeW5hbWljIjp0cnVlLCJjb250ZW50IjoicG9zdF9saW5rX3VybF9wYWdlIiwic2V0dGluZ3MiOnsicG9zdF9pZCI6IjY4NSJ9fQ==@&#8221; button_text=&#8221;\u00bfC\u00f3mo puedo ayudarte?&#8221; _builder_version=&#8221;4.18.0&#8243; _module_preset=&#8221;default&#8221; header_text_align=&#8221;left&#8221; header_text_color=&#8221;#a6a07a&#8221; header_font_size=&#8221;45px&#8221; background_color=&#8221;#FFFFFF&#8221; custom_button=&#8221;on&#8221; button_bg_color=&#8221;#a6a07a&#8221; button_alignment=&#8221;left&#8221; custom_margin=&#8221;140px|||-106px|false|false&#8221; custom_margin_tablet=&#8221;123px|||-106px|false|false&#8221; custom_margin_phone=&#8221;-131px|||0px|false|false&#8221; custom_margin_last_edited=&#8221;on|phone&#8221; custom_padding=&#8221;|124px||81px|false|false&#8221; custom_padding_tablet=&#8221;|66px||65px|false|false&#8221; custom_padding_phone=&#8221;|45px||42px|false|false&#8221; custom_padding_last_edited=&#8221;on|desktop&#8221; hover_enabled=&#8221;0&#8243; header_font_size_tablet=&#8221;45px&#8221; header_font_size_phone=&#8221;31px&#8221; header_font_size_last_edited=&#8221;on|phone&#8221; body_font_size_tablet=&#8221;&#8221; body_font_size_phone=&#8221;9px&#8221; body_font_size_last_edited=&#8221;on|phone&#8221; global_colors_info=&#8221;{}&#8221; sticky_enabled=&#8221;0&#8243; _dynamic_attributes=&#8221;button_url&#8221;][\/et_pb_cta][\/et_pb_column][\/et_pb_row][et_pb_row disabled_on=&#8221;on|on|off&#8221; _builder_version=&#8221;4.18.0&#8243; _module_preset=&#8221;default&#8221; custom_margin=&#8221;-159px||-74px||false|false&#8221; custom_margin_tablet=&#8221;-159px||-74px||false|false&#8221; custom_margin_phone=&#8221;||-109px||false|false&#8221; custom_margin_last_edited=&#8221;on|phone&#8221; global_colors_info=&#8221;{}&#8221;][et_pb_column type=&#8221;4_4&#8243; _builder_version=&#8221;4.18.0&#8243; _module_preset=&#8221;default&#8221; transform_translate=&#8221;107px|1px&#8221; global_colors_info=&#8221;{}&#8221;][et_pb_image src=&#8221;http:\/\/czmedicinafuncional.com\/wp-content\/uploads\/2023\/04\/logo-secc1.png&#8221; title_text=&#8221;logo-secc1&#8243; align=&#8221;right&#8221; _builder_version=&#8221;4.18.0&#8243; _module_preset=&#8221;default&#8221; transform_scale=&#8221;60%|60%&#8221; transform_translate=&#8221;179px|-53px&#8221; custom_margin=&#8221;-144px||||false|false&#8221; global_colors_info=&#8221;{}&#8221;][\/et_pb_image][\/et_pb_column][\/et_pb_row][\/et_pb_section][et_pb_section fb_built=&#8221;1&#8243; _builder_version=&#8221;4.18.0&#8243; _module_preset=&#8221;default&#8221; background_image=&#8221;http:\/\/czmedicinafuncional.com\/wp-content\/uploads\/2023\/04\/bg-secc2.jpg&#8221; global_colors_info=&#8221;{}&#8221;][et_pb_row custom_padding_last_edited=&#8221;on|phone&#8221; _builder_version=&#8221;4.18.0&#8243; _module_preset=&#8221;default&#8221; background_color=&#8221;rgba(255,255,255,0.74)&#8221; custom_padding=&#8221;58px|111px|58px|111px|true|true&#8221; custom_padding_tablet=&#8221;58px|111px|58px|111px|true|true&#8221; custom_padding_phone=&#8221;30px|40px|30px|40px|true|true&#8221; global_colors_info=&#8221;{}&#8221;][et_pb_column type=&#8221;4_4&#8243; _builder_version=&#8221;4.18.0&#8243; _module_preset=&#8221;default&#8221; global_colors_info=&#8221;{}&#8221;][et_pb_text _builder_version=&#8221;4.18.0&#8243; _module_preset=&#8221;default&#8221; width_tablet=&#8221;&#8221; width_phone=&#8221;100%&#8221; width_last_edited=&#8221;on|phone&#8221; max_width_tablet=&#8221;&#8221; max_width_phone=&#8221;100%&#8221; max_width_last_edited=&#8221;on|phone&#8221; custom_margin_tablet=&#8221;&#8221; custom_margin_phone=&#8221;|0px||0px|false|false&#8221; custom_margin_last_edited=&#8221;on|phone&#8221; custom_padding=&#8221;|0px||0px|false|false&#8221; global_colors_info=&#8221;{}&#8221;]<\/p>\n<h2 style=\"text-align: center; color: #a6a07a; font-size: 30px;\">Mi nombre es Cecilia,<br \/>soy m\u00e9dica especialista en desarrollo personal<\/h2>\n<p>[\/et_pb_text][et_pb_text _builder_version=&#8221;4.18.0&#8243; _module_preset=&#8221;default&#8221; text_font_size=&#8221;19px&#8221; custom_margin=&#8221;-17px||||false|false&#8221; global_colors_info=&#8221;{}&#8221;]<\/p>\n<p class=\"p1\" style=\"text-align: center;\">Soy M\u00e9dica y siempre quise trascender la medicina actual, que ve al ser humano &#8220;por partes&#8221;, siendo que somos un todo. A lo que me dedico es a acompa\u00f1ar a buscar la salud y el bienestar de las personas en todos los \u00e1mbitos de su vida.<\/p>\n<p>[\/et_pb_text][et_pb_button button_url=&#8221;https:\/\/czmedicinafuncional.com\/index.php\/quien-soy\/&#8221; button_text=&#8221;Descubre m\u00e1s sobre m\u00ed&#8221; button_alignment=&#8221;center&#8221; _builder_version=&#8221;4.18.0&#8243; _module_preset=&#8221;default&#8221; custom_button=&#8221;on&#8221; button_text_color=&#8221;#FFFFFF&#8221; button_bg_color=&#8221;#a6a07a&#8221; global_colors_info=&#8221;{}&#8221;][\/et_pb_button][\/et_pb_column][\/et_pb_row][\/et_pb_section][et_pb_section fb_built=&#8221;1&#8243; _builder_version=&#8221;4.18.0&#8243; _module_preset=&#8221;default&#8221; background_image=&#8221;http:\/\/czmedicinafuncional.com\/wp-content\/uploads\/2023\/04\/bg-secc3_v2.jpg&#8221; background_position=&#8221;bottom_center&#8221; custom_margin=&#8221;0px||||false|false&#8221; custom_padding=&#8221;0px||||false|false&#8221; global_colors_info=&#8221;{}&#8221;][et_pb_row column_structure=&#8221;2_5,3_5&#8243; _builder_version=&#8221;4.18.0&#8243; _module_preset=&#8221;default&#8221; custom_margin_tablet=&#8221;&#8221; custom_margin_phone=&#8221;||0px||false|false&#8221; custom_margin_last_edited=&#8221;on|phone&#8221; custom_padding=&#8221;0px||0px||false|false&#8221; global_colors_info=&#8221;{}&#8221;][et_pb_column type=&#8221;2_5&#8243; _builder_version=&#8221;4.18.0&#8243; _module_preset=&#8221;default&#8221; position_origin_f=&#8221;center_center&#8221; z_index=&#8221;500&#8243; global_colors_info=&#8221;{}&#8221;][et_pb_image src=&#8221;http:\/\/czmedicinafuncional.com\/wp-content\/uploads\/2023\/05\/Cecilaia-Zgajnar-2.jpg&#8221; alt=&#8221;Cecilaia Zgajnar &#8221; title_text=&#8221;Cecilaia Zgajnar 2&#8243; _builder_version=&#8221;4.18.0&#8243; _module_preset=&#8221;default&#8221; custom_margin=&#8221;94px||||false|false&#8221; custom_margin_tablet=&#8221;94px||||false|false&#8221; custom_margin_phone=&#8221;42px||||false|false&#8221; custom_margin_last_edited=&#8221;on|phone&#8221; global_colors_info=&#8221;{}&#8221;][\/et_pb_image][\/et_pb_column][et_pb_column type=&#8221;3_5&#8243; _builder_version=&#8221;4.18.0&#8243; _module_preset=&#8221;default&#8221; global_colors_info=&#8221;{}&#8221;][et_pb_cta button_text=&#8221;Click Here&#8221; content_tablet=&#8221;<\/p>\n<p style=%22text-align: left; font-size: 40px; line-height: 40px;%22>No es coaching,<br \/>no es medicina,<br \/>\u00bfQu\u00e9 es?<\/p>\n<p style=%22text-align: left; font-size: 20px;%22>Es todo, somos todo y como unidad, busco sanar desde el todo. Yo lo llamo \u201c<strong>Desarrollo Personal<\/strong>\u201d.<\/p>\n<p style=%22text-align: left; padding-left: 40px; font-size: 25px; line-height: 30px;%22>A veces me llaman<br \/>\u201cDoctora Emociones\u201d<\/p>\n<p style=%22text-align: left; font-size: 20px;%22>Mi misi\u00f3n es que todos tengamos la vida que queremos y obtener as\u00ed <strong>bienestar en todas las \u00e1reas de nuestra vida<\/strong>, eso incluye la <em>salud f\u00edsica, mental, emocional, el plano laboral, financiero, familiar, acad\u00e9mico, entre otros.<\/em>..<\/p>\n<p style=%22text-align: left; font-size: 20px;%22>Para ello me form\u00e9 en varias especialidades, que pongo a disposici\u00f3n de mis consultantes. Trabajo<em> desde Argentina al Mundo.<\/em><\/p>\n<p style=%22text-align: left;%22><a href=%22#spotify%22><img src=%22http:\/\/czmedicinafuncional.com\/wp-content\/uploads\/2023\/04\/boton-300x64.png%22 width=%22192%22 height=%2241%22 alt=%22%22 class=%22wp-image-63 alignnone size-medium%22 \/><\/a><\/p>\n<p>&#8221; content_phone=&#8221;<\/p>\n<p style=%22text-align: left; font-size: 40px; line-height: 40px;%22>No es coaching,<br \/>no es medicina,<br \/>\u00bfQu\u00e9 es?<\/p>\n<p style=%22text-align: left; font-size: 20px;%22>Es todo, somos todo y como unidad, busco sanar desde el todo. Yo lo llamo \u201c<strong>Desarrollo Personal<\/strong>\u201d.<\/p>\n<p style=%22text-align: left; padding-left: 40px; font-size: 25px; line-height: 30px;%22>A veces me llaman<br \/>\u201cDoctora Emociones\u201d<\/p>\n<p style=%22text-align: left; font-size: 20px;%22>Mi misi\u00f3n es que todos tengamos la vida que queremos y obtener as\u00ed <strong>bienestar en todas las \u00e1reas de nuestra vida<\/strong>, eso incluye la <em>salud f\u00edsica, mental, emocional, el plano laboral, financiero, familiar, acad\u00e9mico, entre otros.<\/em>..<\/p>\n<p style=%22text-align: left; font-size: 20px;%22>Para ello me form\u00e9 en varias especialidades, que pongo a disposici\u00f3n de mis consultantes. Trabajo<em> desde Argentina al Mundo.<\/em><\/p>\n<p style=%22text-align: center;%22><a href=%22#spotify%22><img src=%22http:\/\/czmedicinafuncional.com\/wp-content\/uploads\/2023\/04\/boton-300x64.png%22 width=%22192%22 height=%2241%22 alt=%22%22 class=%22wp-image-63 alignnone size-medium%22 \/><\/a><\/p>\n<p>&#8221; content_last_edited=&#8221;on|phone&#8221; _builder_version=&#8221;4.18.0&#8243; _module_preset=&#8221;default&#8221; background_color=&#8221;#cbb39e&#8221; custom_margin=&#8221;|||-226px|false|false&#8221; custom_margin_tablet=&#8221;|||-226px|false|false&#8221; custom_margin_phone=&#8221;-33px|||0px|false|false&#8221; custom_margin_last_edited=&#8221;on|phone&#8221; custom_padding=&#8221;104px|150px|181px|225px|false|false&#8221; custom_padding_tablet=&#8221;104px|150px|181px|225px|false|false&#8221; custom_padding_phone=&#8221;50px|20px|0px|20px|false|false&#8221; custom_padding_last_edited=&#8221;on|phone&#8221; global_colors_info=&#8221;{}&#8221;]<\/p>\n<p style=\"text-align: left; font-size: 40px; line-height: 40px;\">\u00bf<span style=\"font-weight: 400;\">Si no es medicina tradicional qu\u00e9 es<\/span>?<\/p>\n<p style=\"text-align: left;\"><span style=\"font-weight: 400; font-size: x-large;\"><strong>Es medicina hol\u00edstica.<\/strong> Me encargo del bienestar celular, pero sin olvidarme de nuestras emociones que son las verdaderas protagonistas de nuestras vidas.\u00a0<\/span><\/p>\n<p style=\"text-align: left;\"><strong><span style=\"font-size: x-large;\">Mi misi\u00f3n es que todos tengamos la vida que queremos y obtener bienestar en todas las areas de nuestra vida.\u00a0<\/span><\/strong><\/p>\n<blockquote>\n<p style=\"text-align: left;\"><em><strong><span style=\"font-size: xx-large;\">\u201cSin salud no tenemos nada\u201d<\/span><\/strong><\/em><\/p>\n<\/blockquote>\n<p style=\"text-align: left; font-size: 20px;\">\n<p style=\"text-align: left;\"><a href=\"#spotify\"><img decoding=\"async\" src=\"http:\/\/czmedicinafuncional.com\/wp-content\/uploads\/2023\/04\/boton-300x64.png\" width=\"192\" height=\"41\" alt=\"\" class=\"wp-image-63 alignnone size-medium\" srcset=\"https:\/\/czmedicinafuncional.com\/wp-content\/uploads\/2023\/04\/boton-300x64.png 300w, https:\/\/czmedicinafuncional.com\/wp-content\/uploads\/2023\/04\/boton.png 430w\" sizes=\"(max-width: 192px) 100vw, 192px\" \/><\/a><\/p>\n<p>[\/et_pb_cta][et_pb_text disabled_on=&#8221;off|off|on&#8221; _builder_version=&#8221;4.18.0&#8243; _module_preset=&#8221;default&#8221; global_colors_info=&#8221;{}&#8221;]<\/p>\n<p style=\"text-align: center;\"><img decoding=\"async\" src=\"http:\/\/czmedicinafuncional.com\/wp-content\/uploads\/2023\/04\/logo-secc1.png\" width=\"105\" height=\"104\" alt=\"\" class=\"wp-image-42 alignnone size-full\" srcset=\"https:\/\/czmedicinafuncional.com\/wp-content\/uploads\/2023\/04\/logo-secc1.png 226w, https:\/\/czmedicinafuncional.com\/wp-content\/uploads\/2023\/04\/logo-secc1-150x150.png 150w\" sizes=\"(max-width: 105px) 100vw, 105px\" \/><\/p>\n<p>[\/et_pb_text][et_pb_text disabled_on=&#8221;on|on|off&#8221; _builder_version=&#8221;4.18.0&#8243; _module_preset=&#8221;default&#8221; width=&#8221;105.1%&#8221; custom_margin=&#8221;-184px|||-136px|false|false&#8221; custom_margin_tablet=&#8221;-253px|||-136px|false|false&#8221; custom_margin_phone=&#8221;-253px|||-136px|false|false&#8221; custom_margin_last_edited=&#8221;on|desktop&#8221; global_colors_info=&#8221;{}&#8221;]<\/p>\n<h1 style=\"font-size: 45px; color: #ffffff; text-align: right;\">Si quieres cambiar tu vida,<br \/>da tu primer paso<\/h1>\n<p>[\/et_pb_text][et_pb_text disabled_on=&#8221;on|on|off&#8221; _builder_version=&#8221;4.18.0&#8243; _module_preset=&#8221;default&#8221; custom_margin=&#8221;-34px|-47px||0px|false|false&#8221; custom_padding=&#8221;||||false|false&#8221; global_colors_info=&#8221;{}&#8221;]<\/p>\n<blockquote>\n<p><span style=\"text-decoration: underline;\"><img decoding=\"async\" src=\"http:\/\/czmedicinafuncional.com\/wp-content\/uploads\/2023\/04\/logo-secc1.png\" width=\"110\" height=\"109\" alt=\"\" class=\"wp-image-42 alignnone size-full\" style=\"float: right;\" srcset=\"https:\/\/czmedicinafuncional.com\/wp-content\/uploads\/2023\/04\/logo-secc1.png 226w, https:\/\/czmedicinafuncional.com\/wp-content\/uploads\/2023\/04\/logo-secc1-150x150.png 150w\" sizes=\"(max-width: 110px) 100vw, 110px\" \/><\/span><\/p>\n<\/blockquote>\n<p>[\/et_pb_text][\/et_pb_column][\/et_pb_row][\/et_pb_section][et_pb_section fb_built=&#8221;1&#8243; _builder_version=&#8221;4.18.0&#8243; _module_preset=&#8221;default&#8221; custom_padding=&#8221;||0px|||&#8221; global_colors_info=&#8221;{}&#8221;][et_pb_row _builder_version=&#8221;4.18.0&#8243; _module_preset=&#8221;default&#8221; global_colors_info=&#8221;{}&#8221;][et_pb_column type=&#8221;4_4&#8243; _builder_version=&#8221;4.18.0&#8243; _module_preset=&#8221;default&#8221; global_colors_info=&#8221;{}&#8221;][et_pb_text _builder_version=&#8221;4.18.0&#8243; _module_preset=&#8221;default&#8221; global_colors_info=&#8221;{}&#8221;]<\/p>\n<h1 style=\"text-align: center; color:#a6a07a; font-size:45px;\">Esto dicen mis consultantes<\/h1>\n<p>[\/et_pb_text][et_pb_slider show_arrows=&#8221;off&#8221; arrows_custom_color=&#8221;RGBA(255,255,255,0)&#8221; dot_nav_custom_color=&#8221;#3a3a3a&#8221; _builder_version=&#8221;4.18.0&#8243; _module_preset=&#8221;default&#8221; header_text_color=&#8221;#a6a07a&#8221; header_font_size=&#8221;25px&#8221; body_text_color=&#8221;#3a3a3a&#8221; background_color=&#8221;RGBA(255,255,255,0)&#8221; custom_button=&#8221;on&#8221; button_text_size=&#8221;1px&#8221; button_text_color=&#8221;RGBA(255,255,255,0)&#8221; button_bg_color=&#8221;RGBA(255,255,255,0)&#8221; button_border_color=&#8221;RGBA(255,255,255,0)&#8221; custom_padding=&#8221;10px||||false|false&#8221; global_colors_info=&#8221;{}&#8221;][et_pb_slide heading=&#8221;Alexandra Contreras (Espa\u00f1a) &#8221; _builder_version=&#8221;4.18.0&#8243; _module_preset=&#8221;default&#8221; background_layout=&#8221;light&#8221; global_colors_info=&#8221;{}&#8221; sticky_transition=&#8221;on&#8221;]<\/p>\n<p>Ceci me est\u00e1 ayudando mucho a superar mis patrones, limitaciones y traumas del pasado. Trabajamos con la Ley de Atracci\u00f3n y manifestaci\u00f3n. Es un viaje duro, pero que me agrada recorrer con ella. Siempre est\u00e1 atenta por cualquier duda o crisis. Te hace sentir c\u00f3moda y como en casa. Un GRACIAS profundo.<\/p>\n<p>[\/et_pb_slide][et_pb_slide heading=&#8221;Paula (Argentina)&#8221; _builder_version=&#8221;4.18.0&#8243; _module_preset=&#8221;default&#8221; background_layout=&#8221;light&#8221; global_colors_info=&#8221;{}&#8221; sticky_transition=&#8221;on&#8221;]<\/p>\n<p>Estoy feliz de trabajar con Ceci. Todo tiene que ver con todo. Es impresionante c\u00f3mo cambia el exterior cuando trabajas en tu interior. Feliz de seguir juntas.<\/p>\n<p>[\/et_pb_slide][et_pb_slide heading=&#8221;Serrana (Uruguay)&#8221; _builder_version=&#8221;4.18.0&#8243; _module_preset=&#8221;default&#8221; background_layout=&#8221;light&#8221; global_colors_info=&#8221;{}&#8221; sticky_transition=&#8221;on&#8221;]<\/p>\n<p>Si bien hay muchas cosas que no se han reflejado en mi peso, de verdad gracias. Estos tres meses me han ayudado a encontrarme nuevamente a m\u00ed, a definirme un poco m\u00e1s y a darme ese espacio de saber qui\u00e9n quiero ser, qui\u00e9n soy ahora y qu\u00e9 puedo hacer para llegar a aceptarme y ser feliz. Ser m\u00e1s consecuente con quien quiero ser.<\/p>\n<p>[\/et_pb_slide][et_pb_slide heading=&#8221;Micaela (Argentina)&#8221; _builder_version=&#8221;4.18.0&#8243; _module_preset=&#8221;default&#8221; background_layout=&#8221;light&#8221; global_colors_info=&#8221;{}&#8221; sticky_transition=&#8221;on&#8221;]<\/p>\n<p>Mi vida fue un antes y un despu\u00e9s desde que conoc\u00ed a Ceci. Realmente no exagero. Me ayud\u00f3 a verme diferente, a proyectar la vida que realmente quiero, a priorizarme y a agradecer todo lo que tengo. Si est\u00e1s en un momento cr\u00edtico, encontrarte con ella es lo mejor que te puede suceder. Gracias Ceci por todo \ud83d\ude4f\ud83c\udffc\ud83e\udef6\ud83c\udffb\ud83e\udde1<\/p>\n<p>[\/et_pb_slide][et_pb_slide heading=&#8221;Romina (Argentina)&#8221; _builder_version=&#8221;4.18.0&#8243; _module_preset=&#8221;default&#8221; background_layout=&#8221;light&#8221; global_colors_info=&#8221;{}&#8221; sticky_transition=&#8221;on&#8221;]<\/p>\n<p>Conoc\u00ed a Ceci en Instagram por su taller de Manifestaci\u00f3n del Dinero, taller que me ha encantado y lo recomiendo. Ceci me acompa\u00f1\u00f3 en todo momento, desde mis dudas hasta la emoci\u00f3n de ver los resultados de inmediato. Es clara y simple, el material te queda de por vida para que lo releas cuando quieras. \u00a1Gracias y felicitaciones Ceci!<\/p>\n<p>[\/et_pb_slide][\/et_pb_slider][\/et_pb_column][\/et_pb_row][\/et_pb_section][et_pb_section fb_built=&#8221;1&#8243; module_id=&#8221;spotify&#8221; module_class=&#8221;spotify&#8221; _builder_version=&#8221;4.18.0&#8243; _module_preset=&#8221;default&#8221; background_color=&#8221;#f4ede9&#8243; global_colors_info=&#8221;{}&#8221;][et_pb_row _builder_version=&#8221;4.18.0&#8243; _module_preset=&#8221;default&#8221; global_colors_info=&#8221;{}&#8221;][et_pb_column type=&#8221;4_4&#8243; _builder_version=&#8221;4.18.0&#8243; _module_preset=&#8221;default&#8221; global_colors_info=&#8221;{}&#8221;][et_pb_text _builder_version=&#8221;4.18.0&#8243; _module_preset=&#8221;default&#8221; header_font_size_tablet=&#8221;&#8221; header_font_size_phone=&#8221;14px&#8221; header_font_size_last_edited=&#8221;on|phone&#8221; custom_css_before=&#8221;\t&#8221; custom_css_after=&#8221;\t&#8221; global_colors_info=&#8221;{}&#8221; custom_css_main_element_last_edited=&#8221;on|phone&#8221;]<\/p>\n<h1 style=\"text-align: center; color: #a6a07a; font-size: 45px;\">Cada s\u00e1bado un nuevo episodio<br \/>\ny posibilidad de realizar tus metas<\/h1>\n<p>[\/et_pb_text][et_pb_code _builder_version=&#8221;4.18.0&#8243; _module_preset=&#8221;default&#8221; width=&#8221;71%&#8221; module_alignment=&#8221;center&#8221; global_colors_info=&#8221;{}&#8221;]<iframe style=\"border-radius:12px\" src=\"https:\/\/open.spotify.com\/embed\/show\/5gO96z5UCZHosMwSIcio87?utm_source=generator\" width=\"100%\" height=\"152\" frameBorder=\"0\" allowfullscreen=\"\" allow=\"autoplay; clipboard-write; encrypted-media; fullscreen; picture-in-picture\" loading=\"lazy\"><\/iframe>[\/et_pb_code][\/et_pb_column][\/et_pb_row][\/et_pb_section][et_pb_section fb_built=&#8221;1&#8243; _builder_version=&#8221;4.18.0&#8243; _module_preset=&#8221;default&#8221; global_colors_info=&#8221;{}&#8221;][et_pb_row column_structure=&#8221;2_3,1_3&#8243; _builder_version=&#8221;4.18.0&#8243; _module_preset=&#8221;default&#8221; global_colors_info=&#8221;{}&#8221;][et_pb_column type=&#8221;2_3&#8243; _builder_version=&#8221;4.18.0&#8243; _module_preset=&#8221;default&#8221; global_colors_info=&#8221;{}&#8221;][et_pb_text _builder_version=&#8221;4.18.0&#8243; _module_preset=&#8221;default&#8221; global_colors_info=&#8221;{}&#8221;]<\/p>\n<h1 style=\"color: #a6a07a; font-size: 35px; text-align: left;\"><img loading=\"lazy\" loading=\"lazy\" decoding=\"async\" src=\"http:\/\/czmedicinafuncional.com\/wp-content\/uploads\/2023\/04\/Noticias-Logo-300x134.png\" width=\"123\" height=\"55\" alt=\"\" class=\"wp-image-235 alignnone size-medium\" \/><\/h1>\n<h1 style=\"color: #a6a07a; font-size: 35px; text-align: left;\">Columnista invitada<br \/>en Revista Noticias<\/h1>\n<p>[\/et_pb_text][\/et_pb_column][et_pb_column type=&#8221;1_3&#8243; _builder_version=&#8221;4.18.0&#8243; _module_preset=&#8221;default&#8221; global_colors_info=&#8221;{}&#8221;][et_pb_button button_url=&#8221;https:\/\/noticias.perfil.com\/noticias\/empresas-y-protagonistas\/life-style-medicine-and-coach.phtml&#8221; url_new_window=&#8221;on&#8221; button_text=&#8221;Conocer m\u00e1s&#8221; _builder_version=&#8221;4.18.0&#8243; _module_preset=&#8221;default&#8221; custom_button=&#8221;on&#8221; button_text_color=&#8221;#FFFFFF&#8221; button_bg_color=&#8221;#a6a07a&#8221; custom_margin=&#8221;39px||||false|false&#8221; global_colors_info=&#8221;{}&#8221;][\/et_pb_button][\/et_pb_column][\/et_pb_row][\/et_pb_section]<\/p>\n","protected":false},"excerpt":{"rendered":"<p>Mi nombre es Cecilia,soy m\u00e9dica especialista en desarrollo personalSoy M\u00e9dica y siempre quise trascender la medicina actual, que ve al ser humano &#8220;por partes&#8221;, siendo que somos un todo. A lo que me dedico es a acompa\u00f1ar a buscar la salud y el bienestar de las personas en todos los \u00e1mbitos de su vida.\u00bfSi no [&hellip;]<\/p>\n","protected":false},"author":1,"featured_media":0,"parent":0,"menu_order":0,"comment_status":"closed","ping_status":"closed","template":"","meta":{"_et_pb_use_builder":"on","_et_pb_old_content":"","_et_gb_content_width":"","om_disable_all_campaigns":false,"_monsterinsights_skip_tracking":false,"_monsterinsights_sitenote_active":false,"_monsterinsights_sitenote_note":"","_monsterinsights_sitenote_category":0,"_uf_show_specific_survey":0,"_uf_disable_surveys":false,"footnotes":""},"class_list":["post-33","page","type-page","status-publish","hentry"],"aioseo_notices":[],"_links":{"self":[{"href":"https:\/\/czmedicinafuncional.com\/index.php\/wp-json\/wp\/v2\/pages\/33","targetHints":{"allow":["GET"]}}],"collection":[{"href":"https:\/\/czmedicinafuncional.com\/index.php\/wp-json\/wp\/v2\/pages"}],"about":[{"href":"https:\/\/czmedicinafuncional.com\/index.php\/wp-json\/wp\/v2\/types\/page"}],"author":[{"embeddable":true,"href":"https:\/\/czmedicinafuncional.com\/index.php\/wp-json\/wp\/v2\/users\/1"}],"replies":[{"embeddable":true,"href":"https:\/\/czmedicinafuncional.com\/index.php\/wp-json\/wp\/v2\/comments?post=33"}],"version-history":[{"count":53,"href":"https:\/\/czmedicinafuncional.com\/index.php\/wp-json\/wp\/v2\/pages\/33\/revisions"}],"predecessor-version":[{"id":691,"href":"https:\/\/czmedicinafuncional.com\/index.php\/wp-json\/wp\/v2\/pages\/33\/revisions\/691"}],"wp:attachment":[{"href":"https:\/\/czmedicinafuncional.com\/index.php\/wp-json\/wp\/v2\/media?parent=33"}],"curies":[{"name":"wp","href":"https:\/\/api.w.org\/{rel}","templated":true}]}}